*u + 106, -u + 49 = -l*w + w. Calculate the greatest common factor of u and 9.
9
Let c = 2 + 2. Suppose y - 10*d - 48 = -11*d, -4 = -d. Calculate the highest common divisor of c and y.
4
Let d = 0 - -78. Let x = -14 - -16. Suppose d = 4*o - x. What is the highest common divisor of o and 30?
10
Let w be (-543)/(-27) + ((-35)/45)/7. Let i(q) = -q**3 + 2*q**2 + 4*q + 5. Let o be i(-5). What is the greatest common divisor of w and o?
20
Suppose 0 = m + 18 - 44. Let s = m + -10. Let k = -65 + 97. Calculate the highest common factor of s and k.
16
Let n(o) = 2*o - 3*o - 1 + 2*o + 5*o**2 + 3*o. Let f be n(1). What is the highest common divisor of f and 24?
8
Let x = -12 + 32. Suppose -441 - 279 = -4*r. What is the greatest common divisor of x and r?
20
Suppose -25*n + 739 + 286 = 0. What is the greatest common factor of n and 943?
41
Suppose 0 = -d + 3*d - 8. Suppose d + 0 = -4*r, 0 = w - 5*r - 8. Let v be (-6 + -21)/(w/(-2)). Calculate the greatest common divisor of v and 45.
9
Let r(o) = o**3 - 2*o**2 + 1. Let d be r(3). Suppose 4*g = -4*h, -2*h = 4*g + d - 4. Let t = g + 8. Calculate the highest common factor of 50 and t.
5
Let q = -15 - -23. Suppose q + 22 = g. Suppose 0 = 5*u + 4*m - 412, 287 = 4*u - m - g. What is the greatest common divisor of 16 and u?
16
Suppose 5*w - 135 - 73 = 2*l, -5*l + 140 = 4*w. What is the highest common factor of 296 and w?
8
Let c be (-1)/3*-6*86/(-4). Suppose w + 0*w + 115 = 0. Let t = c - w. Calculate the highest common divisor of t and 8.
8
Suppose -3*u = 3*r + 165, -4*r + 246 = -4*u + 26. Let f be (88/u)/(2/(-215)). Calculate the greatest common divisor of f and 43.
43
Let z be 50 + 0*(-4)/4*1. Suppose -5*u + z = s, 4*u - 97 = -3*s + 75. Calculate the greatest common divisor of 40 and s.
20
Suppose -6*v + v = -10. Suppose 4*b = v*b + 6. Calculate the highest common divisor of b and 6.
3
Let j be (178 - -2)/(-4 + 6). What is the greatest common divisor of j and 60?
30
Suppose 0 = -4*p + 83 - 27. Suppose -3*n - 21 + 126 = 0. What is the greatest common divisor of p and n?
7
Let d be 6*385/15 + -4. Suppose -2*i = -3*i + 4. Suppose 29 = i*n - 211. What is the highest common factor of d and n?
30
Suppose -4*z + 6*g = 9*g - 1387, 318 = z - 5*g. What is the highest common factor of z and 98?
49
Let c = 41 + 76. Suppose 610 - 1767 = -89*r. What is the greatest common divisor of c and r?
13
Suppose -11*d = -206 - 58. Suppose -3*t = -40 + 16. What is the greatest common divisor of t and d?
8
Let s(q) = 33*q**3 - q**2 - q + 1. Let z be s(1). Let h be 208/6 + z/24. Calculate the greatest common divisor of h and 24.
12
Let p be 36/(-45)*10/(-4). Let u(t) = -158 - 3*t**2 - 4*t + 156 - t**p - 2*t**3. Let o be u(-2). Calculate the highest common divisor of 12 and o.
6
Let z(q) = 38*q - 209. Let u be z(8). What is the highest common factor of 5 and u?
5
Let b(c) = c**2 + 4*c - 3. Let x be b(-5). Suppose 6*n = x*n + 124. What is the greatest common divisor of n and 341?
31
Let k = 50 + -17. Let d(b) = 6*b**3 - b**2 - 23*b + 81. Let w be d(3). Calculate the highest common divisor of k and w.
33
Let r(x) = -x**3 - 5*x**2 - 4*x + 1. Suppose -2*t = 3*m - 6, m + 1 = -t + 2. Let p be r(t). Let g = 0 - p. Calculate the greatest common divisor of 20 and g.
5
Let u(d) = 319*d + 391. Let m be u(9). Calculate the greatest common divisor of 14 and m.
14
Let w be (-38)/(-2) - 18/6. Let j be 61 + (6 - (5 + -2)). Calculate the highest common factor of j and w.
16
Let r(y) = 40*y**2 - 31*y - 97. Let q be r(-4). Calculate the highest common factor of q and 23.
23
Suppose 6 = 3*m - 2*m. Let n(h) = h + 7. Let u be n(m). What is the greatest common factor of 104 and u?
13
Let a be ((-2704)/20)/((-10)/25). Calculate the greatest common factor of 52 and a.
26
Suppose 0 = 6*o - 3*o + 498. Let f = -30 - o. Calculate the highest common divisor of f and 17.
17
Let r = 2491 - 2477. Calculate the greatest common factor of r and 2.
2
Suppose -1428 = -4*h - 1300. Suppose -2*w + 22 - 6 = 0. What is the greatest common divisor of w and h?
8
Let f be 8/8 + 19/1. Let a be -5*(1 + (-18)/10). Suppose 0 = a*x + 3*o - 71, -x + 26 = -5*o + 3*o. Calculate the highest common factor of x and f.
20
Suppose -s = 4*r + 4*s - 124, s = r - 40. What is the highest common factor of 12 and r?
12
Let p(i) = -i**3 - 29*i**2 - 28*i + 7. Let u be p(-28). Suppose h - 28 = -0*h. What is the greatest common divisor of u and h?
7
Suppose 195 = 5*p - 195. Suppose -4*x + 210 = -q, -4*q = x - q - 46. What is the highest common factor of x and p?
26
Suppose 57 = 3*c - 24. Let i = c + -12. Suppose -709 + 109 = -5*k. What is the greatest common factor of i and k?
15
Suppose 395*b - 406*b = -209. Calculate the greatest common divisor of 817 and b.
19
Let a(y) = -y**2 + 10*y + 5. Let l be a(11). Let k = l - -80. Suppose -k - 86 = -5*f. What is the greatest common divisor of 8 and f?
8
Let c be (-6)/(-1 - 18/(-21)). Let q be 4/(-14) - 52/14. Let b = q + 18. What is the greatest common factor of c and b?
14
Let j be (69/(-276))/(2/(-416)). Calculate the greatest common divisor of 182 and j.
26
Suppose -26*t + 576 = 56. Calculate the highest common factor of 36 and t.
4
Let n(w) = 17*w - 3. Let j be n(3). Let p(h) = 67 - 33 + h - 48. Let b be p(20). What is the highest common divisor of j and b?
6
Let c(y) = -8 + 3 - 4*y**2 + 12*y**2 - 7. Let h be c(-3). Let j = 4 + 8. What is the highest common divisor of j and h?
12
Suppose 0 = 7*g - 8*g. Suppose -5*t = -n - 7, -2*n = -4*t - 0*n + 2. Suppose t*s - 6 - 12 = g. What is the greatest common divisor of s and 81?
9
Let r(y) = 2*y**2 + 3*y + 3. Let p be r(-2). Suppose 3*f + p*j - 96 = 0, -6 - 3 = 3*j. Let n = 65 - f. What is the greatest common divisor of 14 and n?
14
Let w(f) be the second derivative of f**5/20 + 17*f**4/12 + 5*f**3/2 - 5*f**2 + f. Let l be w(-16). What is the greatest common divisor of l and 12?
6
Let u(b) = -13*b - 131. Let h be u(-20). What is the greatest common divisor of h and 12?
3
Let a(x) be the second derivative of -x**5/20 + 7*x**4/12 + 2*x**3/3 + 5*x**2/2 - 8*x. Let s be a(5). What is the greatest common factor of 15 and s?
15
Suppose -l = 5, -50 = -7*t + 3*t + 2*l. What is the highest common factor of 95 and t?
5
Let y be 2 - 5 - 2/2. Let b = y + 6. Suppose -b*n - 16 = -4*n. Calculate the greatest common factor of n and 2.
2
Let g = 12 - 8. Suppose 1 = 8*r + 1. Suppose r = 5*p - d + 25 - 281, 0 = 2*p - g*d - 88. Calculate the greatest common factor of p and 13.
13
Let y = -77 + 65. Let m be (-5 - y)/((-4)/12*-1). Calculate the highest common factor of 14 and m.
7
Suppose u + 8 = 5*u. Let z(f) = f**u + 2*f - 4 + 5 + 0*f**2 + 6*f. Let x be z(-8). Calculate the greatest common factor of 7 and x.
1
Suppose -6*c = -9*c + 228. Let g = -53 - -91. What is the greatest common factor of g and c?
38
Let q(u) = -u**3 + 4*u**2 + 4*u + 5. Let l be q(5). Let j be -5*((0 - 1) + l). Calculate the highest common divisor of j and 55.
5
Suppose -56 = -3*j + 4*m, -2*j - 4*m = -7*m - 36. What is the greatest common divisor of 344 and j?
8
Let x be (-201000)/(-900) + 2/3. Let h = 7 - -21. Calculate the highest common divisor of h and x.
28
Suppose -3*o - l + 26 = 0, 1 = l + 2. Suppose 2*g - 30 = 312. What is the highest common factor of o and g?
9
Let p = -13 + 17. Suppose -s + p = 3*s. Let k be 96 - (-2 + (3 - s)). Calculate the highest common factor of k and 24.
24
Suppose 0*l = 5*l - 2235. Let r be 18/30 - l/(-5). Suppose 0*y + 36 = 4*y. Calculate the greatest common factor of r and y.
9
Let s be (-18 + 20)*3/3*87. What is the highest common factor of s and 6?
6
Let z(f) = -f**3 + 9*f**2 - 12*f - 2. Let h be z(9). Let g = -55 - h. Let a be (-44)/(-154) - 33/(-7). What is the highest common divisor of g and a?
5
Suppose 0 = -168*r + 180*r - 792. What is the greatest common divisor of 21 and r?
3
Suppose 2*k - 1 = 11. Suppose 4 = -q, 6*b = 3*b + 2*q + 35. What is the greatest common factor of b and k?
3
Let k(q) = -q + 4*q + 17 - 98. Let v(o) = 2*o - 54. Let z(s) = -5*k(s) + 7*v(s). Let h be z(0). What is the highest common factor of h and 9?
9
Let g be (-4)/10 - 954/(-10). Let l = -25 + g. Suppose -n - l = -5*v, v - 4*n + 19 = 52. What is the highest common factor of v and 13?
13
Suppose 14*j - 9*j - 30 = 0. Let p be j*4/24*9. What is th